f 255 and 10761.
51
What is the greatest common factor of 847 and 30371?
121
What is the highest common divisor of 20930 and 520?
130
What is the greatest common divisor of 49152 and 7552?
128
Calculate the greatest common factor of 148 and 305324.
148
What is the highest common divisor of 343608 and 264?
24
What is the highest common factor of 22 and 20966?
22
Calculate the highest common divisor of 159999 and 266.
133
Calculate the greatest common divisor of 3692 and 988.
52
What is the greatest common factor of 38832 and 480?
48
Calculate the greatest common factor of 27 and 4201.
1
What is the highest common factor of 1963528 and 441?
49
Calculate the greatest common factor of 13551 and 69.
3
Calculate the greatest common factor of 401178 and 18.
6
Calculate the greatest common divisor of 1125 and 26100.
225
Calculate the highest common divisor of 2952 and 18532.
164
Calculate the highest common divisor of 1648 and 1840.
16
Calculate the highest common factor of 1744 and 62239.
109
What is the highest common divisor of 54798 and 318?
6
What is the greatest common divisor of 122 and 206851?
61
Calculate the greatest common divisor of 4163400 and 120.
120
What is the greatest common factor of 48 and 3858?
6
Calculate the highest common divisor of 56 and 835072.
56
Calculate the highest common factor of 9996 and 15232.
476
What is the highest common divisor of 1317 and 201062?
439
What is the highest common divisor of 108036 and 36?
36
What is the greatest common factor of 187465 and 10?
5
Calculate the greatest common divisor of 6853 and 19313.
623
Calculate the greatest common divisor of 80358 and 1416.
354
What is the greatest common divisor of 1395 and 7020?
45
Calculate the highest common factor of 49185 and 450.
45
Calculate the highest common divisor of 7999 and 2945.
19
Calculate the greatest common factor of 743 and 33510786.
743
Calculate the highest common factor of 814 and 222074.
74
Calculate the greatest common divisor of 70391 and 5633.
43
Calculate the greatest common divisor of 20 and 253090.
10
Calculate the highest common factor of 117836 and 6408.
356
What is the greatest common divisor of 22016 and 5676?
172
Calculate the highest common divisor of 8708 and 5348.
28
What is the highest common divisor of 1272 and 992584?
424
What is the greatest common divisor of 3 and 18701?
1
What is the greatest common divisor of 525 and 16725?
75
Calculate the highest common factor of 1820 and 264680.
260
Calculate the greatest common factor of 2390934 and 312.
78
Calculate the greatest common divisor of 156 and 7787.
13
Calculate the highest common divisor of 73510 and 530.
10
Calculate the greatest common divisor of 283168 and 224.
32
Calculate the greatest common divisor of 1340 and 87700.
20
Calculate the highest common divisor of 39833 and 10553.
61
Calculate the greatest common factor of 20819 and 764.
191
Calculate the greatest common factor of 472 and 351404.
236
Calculate the highest common divisor of 60533 and 11.
11
What is the highest common factor of 77 and 77693?
77
What is the highest common divisor of 2088484 and 85?
17
What is the greatest common factor of 2053259 and 3835?
767
Calculate the highest common divisor of 861651 and 987.
987
Calculate the greatest common divisor of 763017 and 1284.
321
Calculate the greatest common divisor of 17654 and 355796.
1358
What is the greatest common divisor of 40912 and 2704?
16
Calculate the greatest common divisor of 375 and 138300.
75
What is the highest common divisor of 119 and 224413?
7
What is the greatest common factor of 29425 and 275?
275
What is the greatest common divisor of 533 and 508031?
41
What is the greatest common factor of 2 and 1631242?
2
Calculate the highest common divisor of 1544 and 64.
8
What is the highest common divisor of 69 and 85997?
23
Calculate the greatest common factor of 5393039 and 217.
31
What is the greatest common factor of 338932 and 44?
44
What is the greatest common divisor of 921933 and 18?
9
What is the highest common factor of 494 and 16948?
38
Calculate the greatest common divisor of 1122565 and 5.
5
Calculate the greatest common divisor of 19764 and 84.
12
What is the greatest common divisor of 204 and 607172?
68
What is the greatest common divisor of 255 and 129285?
255
What is the greatest common divisor of 1224 and 22797?
153
Calculate the highest common factor of 885 and 47895.
15
What is the greatest common divisor of 342340 and 20?
20
What is the highest common factor of 264 and 19668?
132
Calculate the greatest common divisor of 1167273 and 69.
69
What is the greatest common divisor of 793 and 99?
1
Calculate the greatest common divisor of 104816 and 32.
16
What is the highest common factor of 13195 and 715?
65
Calculate the highest common divisor of 1 and 2539.
1
What is the greatest common factor of 5500 and 1276?
44
Calculate the greatest common divisor of 3432 and 17628.
156
What is the greatest common divisor of 200115 and 45?
45
Calculate the greatest common factor of 8667 and 16906.
107
Calculate the greatest common divisor of 1098270 and 18.
18
What is the greatest common divisor of 12 and 5154348?
12
Calculate the highest common divisor of 242451 and 341.
341
What is the greatest common divisor of 291 and 211557?
291
What is the greatest common divisor of 30 and 3860?
10
What is the highest common factor of 121 and 1903?
11
What is the greatest common divisor of 354 and 11626?
2
What is the greatest common factor of 4011837 and 843?
843
Calculate the greatest common divisor of 81347 and 210.
7
What is the greatest common factor of 216 and 1971?
27
Calculate the greatest common divisor of 6716 and 62008.
92
Calculate the greatest common factor of 123955 and 520.
65
What is the greatest common factor of 8983 and 26?
13
What is the greatest common divisor of 1230 and 6116790?
1230
Calculate the highest common divisor of 5755994 and 226.
226
Calculate the highest common factor of 13699 and 4389.
133
What is the greatest common factor of 160 and 69504?
32
What is the highest common divisor of 18006 and 48?
6
Calculate the greatest common factor of 1671273 and 2195.
439
What is the highest common divisor of 289 and 117164?
17
Calculate the greatest common factor of 10040 and 5240.
40
What is the greatest common factor of 128 and 224488?
8
What is the highest common divisor of 455 and 58435?
65
What is the greatest common divisor of 232 and 2284?
4
What is the highest common divisor of 12375 and 517?
11
What is the greatest common factor of 845715 and 13?
13
What is the highest common divisor of 68244 and 103092?
1452
What is the greatest common divisor of 187 and 3377?
11
Calculate the greatest common factor of 12 and 237174.
6
Calculate the highest common factor of 61635 and 65.
5
Calculate the highest common factor of 2580 and 2820.
60
Calculate the greatest common divisor of 226 and 916.
2
Calculate the greatest common divisor of 8073 and 1518.
69
What is the highest common divisor of 46 and 3838999?
23
Calculate the highest common factor of 94329 and 3995.
47
Calculate the highest common factor of 57623 and 58.
29
Calculate the greatest common divisor of 155036 and 8.
4
Calculate the highest common divisor of 25507 and 4436.
1109
Calculate the highest common factor of 3474 and 18.
18
What is the highest common factor of 2052 and 2839968?
2052
Calculate the highest common factor of 285 and 11854290.
285
Calculate the highest common divisor of 1107 and 144648.
369
Calculate the greatest common divisor of 665 and 49070.
35
Calculate the highest common factor of 4991 and 84.
7
What is the greatest common factor of 10 and 447290?
10
What is the greatest common divisor of 22450 and 625?
25
What is the greatest common factor of 1125333 and 842?
421
What is the greatest common factor of 19600 and 320?
80
What is the highest common divisor of 2 and 504522?
2
Calculate the highest common divisor of 214038 and 1449.
207
Calculate the greatest common divisor of 38407 and 386.
193
Calculate the greatest common divisor of 2148461 and 742.
371
Calculate the greatest common divisor of 816 and 8560.
16
What is the highest common divisor of 35 and 411670?
35
Calculate the greatest common divisor of 992 and 1364.
124
Calculate the gre